{"id":235,"date":"2025-06-25T09:40:54","date_gmt":"2025-06-25T07:40:54","guid":{"rendered":"https:\/\/agesfarouches.fr\/?page_id=235"},"modified":"2026-01-28T20:00:46","modified_gmt":"2026-01-28T19:00:46","slug":"chapitre-3-leveil-du-basilik","status":"publish","type":"page","link":"https:\/\/agesfarouches.fr\/index.php\/chapitre-3-leveil-du-basilik\/","title":{"rendered":"Chapitre 3 : L\u2019\u00c9VEIL DU BASILIK"},"content":{"rendered":"\n<p>Le jeu de R\u00f4le Grandeur nature \u00ab\u00a0Symbaroum\u00a0\u00bb est inspir\u00e9 du jeu de r\u00f4le \u00e8ponyme, \u00e9crit par un collectif su\u00e9dois. Le jeu prend place dans un univers m\u00e9di\u00e9val sombre et magique o\u00f9 s&rsquo;opposent civilisation, nature et corruption. Ce troisi\u00e8me chapitre, L\u2019\u00c9veil du Basilik, vous conduira \u00e0 affronter les menaces qui p\u00e8sent sur le royaume d\u2019Ambria.<\/p>\n\n\n\n<p>Pour plus d\u00b4informations, un serveur discord d\u00e9di\u00e9 a \u00e9t\u00e9 cr\u00e9e pour permettre aux joueurs de rester en contact et de pr\u00e9parer l\u00b4\u00e9v\u00e8nement au mieux: <a href=\"https:\/\/l.facebook.com\/l.php?u=https%3A%2F%2Fdiscord.gg%2FjDEF5Y3y%3Ffbclid%3DIwZXh0bgNhZW0CMTAAYnJpZBEwb3c1dTVhV01KOXBUbnhIUnNydGMGYXBwX2lkEDIyMjAzOTE3ODgyMDA4OTIAAR6vy2SNH2yX9WuhOeGwZRIODdaysq5dKyPKKTIOrYgnwm2wVAjR1kKWpZl2sw_aem_YEif_ppI7H5wWEZomCWGcg&amp;h=AT2tENCEvRs5AhbVDc9z9dtN96t8vXtXnOhaTOAJ10AkCAYtqeaHBEIbzGVxJMhq4XD7rUm64e4o7zuhZjPDpF-gxHAPHQrr5IS171QsLtMHMpwquaFSMjNl6e4wptKbp4hVOgFdThgMwjZmE9OkKAi0_XYTnA&amp;__tn__=-UK-y-R&amp;c[0]=AT16qIfEbP7P8x8hxRp3WOppBUjMTZFtCVll3SPxgzdfET0PFkNnlxYL90CKXPxCm6QEefzwFqLgIkdVGGvd7CF0EGMlIc4QUNfrF2Oe8epnAHwenDoZV7heb44PEl8aFX9S_m8flG4_zG7pzhCIneUeGYV4j1FmtL58bwIcsTmyHuhDs44ftCf-8pv0VzWLH_4--BAKX-T45Zg-cUJ84kdLFcdgFHlrnHcULr6TlOVHVtkU_sNMjCLRq1kWUYxvvEe3OhHbymPp-cI05Cov4eLzXJnoQ5rkBjM\" rel=\"noreferrer noopener\" target=\"_blank\">https:\/\/discord.gg\/jDEF5Y3y<\/a><\/p>\n\n\n\n<p>Noter que l\u00b4acc\u00e8s au salon de factions est ouvert une fois le r\u00e8glement de votre PAF.<\/p>\n\n\n\n<p>Les inscriptions restent ouvertes: <a href=\"https:\/\/urls.fr\/eHFGB1?fbclid=IwZXh0bgNhZW0CMTAAYnJpZBEwb3c1dTVhV01KOXBUbnhIUnNydGMGYXBwX2lkEDIyMjAzOTE3ODgyMDA4OTIAAR6vy2SNH2yX9WuhOeGwZRIODdaysq5dKyPKKTIOrYgnwm2wVAjR1kKWpZl2sw_aem_YEif_ppI7H5wWEZomCWGcg\" target=\"_blank\" rel=\"noreferrer noopener\">https:\/\/urls.fr\/eHFGB1<\/a> Nous fonctionnons par batch.<\/p>\n\n\n\n<p>Les documents publi\u00e9s \u00e0 ce jour : <a href=\"https:\/\/l.facebook.com\/l.php?u=https%3A%2F%2Furls.fr%2FO0WFxF%3Ffbclid%3DIwZXh0bgNhZW0CMTAAYnJpZBEwb3c1dTVhV01KOXBUbnhIUnNydGMGYXBwX2lkEDIyMjAzOTE3ODgyMDA4OTIAAR7LSmJvNmDI2Pn_nWo1iac0AyzQIN8U081DXuOlOjtLyZq3Pacya2B7AKgqNA_aem_LqTMeNtPIe1PI-pFRrgusg&amp;h=AT1hUHxl2IAjYJ6y5jP7VyupnlzhtpCcfYGKnE30QolAeXjvyOVLYDJdHJtUWIOflzx_PdmHkNcRnkTGG3NtBu6zO4ksl5fOjZDEEKfOnwtaipi5EgZAXusV8LVahMNQtaFFJXoCSUbllRKoRIYC_YtDb89pCQ&amp;__tn__=-UK-y-R&amp;c[0]=AT16qIfEbP7P8x8hxRp3WOppBUjMTZFtCVll3SPxgzdfET0PFkNnlxYL90CKXPxCm6QEefzwFqLgIkdVGGvd7CF0EGMlIc4QUNfrF2Oe8epnAHwenDoZV7heb44PEl8aFX9S_m8flG4_zG7pzhCIneUeGYV4j1FmtL58bwIcsTmyHuhDs44ftCf-8pv0VzWLH_4--BAKX-T45Zg-cUJ84kdLFcdgFHlrnHcULr6TlOVHVtkU_sNMjCLRq1kWUYxvvEe3OhHbymPp-cI05Cov4eLzXJnoQ5rkBjM\" rel=\"noreferrer noopener\" target=\"_blank\">https:\/\/urls.fr\/O0WFxF<\/a><\/p>\n\n\n\n<figure class=\"wp-block-image size-full is-resized\"><img loading=\"lazy\" decoding=\"async\" width=\"940\" height=\"788\" src=\"https:\/\/agesfarouches.fr\/wp-content\/uploads\/2026\/01\/Symbaroum_opus_3_Leveil_du_Basilik_Domaine_Saint_Antonin_-_Jouques_13_14_au_17_aout_2025.png\" alt=\"\" class=\"wp-image-249\" style=\"width:1014px;height:auto\" srcset=\"https:\/\/agesfarouches.fr\/wp-content\/uploads\/2026\/01\/Symbaroum_opus_3_Leveil_du_Basilik_Domaine_Saint_Antonin_-_Jouques_13_14_au_17_aout_2025.png 940w, https:\/\/agesfarouches.fr\/wp-content\/uploads\/2026\/01\/Symbaroum_opus_3_Leveil_du_Basilik_Domaine_Saint_Antonin_-_Jouques_13_14_au_17_aout_2025-300x251.png 300w, https:\/\/agesfarouches.fr\/wp-content\/uploads\/2026\/01\/Symbaroum_opus_3_Leveil_du_Basilik_Domaine_Saint_Antonin_-_Jouques_13_14_au_17_aout_2025-768x644.png 768w\" sizes=\"auto, (max-width: 940px) 100vw, 940px\" \/><\/figure>\n\n\n\n<p><\/p>\n","protected":false},"excerpt":{"rendered":"<p>Le jeu de R\u00f4le Grandeur nature \u00ab\u00a0Symbaroum\u00a0\u00bb est inspir\u00e9 du jeu de r\u00f4le \u00e8ponyme, \u00e9crit par un collectif su\u00e9dois. Le jeu prend place dans un univers m\u00e9di\u00e9val sombre et magique o\u00f9 s&rsquo;opposent civilisation, nature et corruption. Ce troisi\u00e8me chapitre, L\u2019\u00c9veil du Basilik, vous conduira \u00e0 affronter les menaces qui p\u00e8sent sur le royaume d\u2019Ambria. Pour&hellip;&nbsp;<a href=\"https:\/\/agesfarouches.fr\/index.php\/chapitre-3-leveil-du-basilik\/\" rel=\"bookmark\">Lire la suite &raquo;<span class=\"screen-reader-text\">Chapitre 3 : L\u2019\u00c9VEIL DU BASILIK<\/span><\/a><\/p>\n","protected":false},"author":1,"featured_media":0,"parent":0,"menu_order":0,"comment_status":"closed","ping_status":"closed","template":"","meta":{"neve_meta_sidebar":"","neve_meta_container":"","neve_meta_enable_content_width":"","neve_meta_content_width":0,"neve_meta_title_alignment":"","neve_meta_author_avatar":"","neve_post_elements_order":"","neve_meta_disable_header":"","neve_meta_disable_footer":"","neve_meta_disable_title":"","footnotes":""},"class_list":["post-235","page","type-page","status-publish","hentry"],"_links":{"self":[{"href":"https:\/\/agesfarouches.fr\/index.php\/wp-json\/wp\/v2\/pages\/235","targetHints":{"allow":["GET"]}}],"collection":[{"href":"https:\/\/agesfarouches.fr\/index.php\/wp-json\/wp\/v2\/pages"}],"about":[{"href":"https:\/\/agesfarouches.fr\/index.php\/wp-json\/wp\/v2\/types\/page"}],"author":[{"embeddable":true,"href":"https:\/\/agesfarouches.fr\/index.php\/wp-json\/wp\/v2\/users\/1"}],"replies":[{"embeddable":true,"href":"https:\/\/agesfarouches.fr\/index.php\/wp-json\/wp\/v2\/comments?post=235"}],"version-history":[{"count":4,"href":"https:\/\/agesfarouches.fr\/index.php\/wp-json\/wp\/v2\/pages\/235\/revisions"}],"predecessor-version":[{"id":251,"href":"https:\/\/agesfarouches.fr\/index.php\/wp-json\/wp\/v2\/pages\/235\/revisions\/251"}],"wp:attachment":[{"href":"https:\/\/agesfarouches.fr\/index.php\/wp-json\/wp\/v2\/media?parent=235"}],"curies":[{"name":"wp","href":"https:\/\/api.w.org\/{rel}","templated":true}]}}